{"id":859,"date":"2013-05-15T19:12:23","date_gmt":"2013-05-15T17:12:23","guid":{"rendered":"http:\/\/juerges.eimuth.de\/?page_id=859"},"modified":"2023-04-16T17:32:51","modified_gmt":"2023-04-16T15:32:51","slug":"willkommen-auf-familie-juregs-de","status":"publish","type":"page","link":"http:\/\/juerges.eimuth.de\/?page_id=859","title":{"rendered":"Willkommen auf Familie-J\u00fcregs.de"},"content":{"rendered":"<p><strong><span style=\"font-family: Arial,sans-serif;\">22. Mai 2013, der 30. Todestag<\/span><\/strong><\/p>\n<ul>\n<li><strong><span style=\"font-family: Arial,sans-serif;\"><span style=\"font-size: small;\"><span style=\"font-weight: normal;\">17.00 Uhr Gedenken auf dem Waldfriedhof Oberrad<\/span><\/span><\/span><\/strong><\/li>\n<li><strong><span style=\"font-family: Arial,sans-serif;\"><span style=\"font-size: small;\"><span style=\"font-weight: normal;\">17.00 Uhr Kaffeehaus Nussknacker<\/span><\/span><\/span><\/strong><\/li>\n<li>\n<p style=\"font-weight: normal;\"><span style=\"font-family: Arial,sans-serif;\"><span style=\"font-size: small;\">18.30 Uhr Familie-J\u00fcrges Platz, Texte und Musik, vorgetragen von Lutz Lemh\u00f6fer und Marion und Kurt-Helmuth Eimuth<\/span><\/span><\/p>\n<\/li>\n<li><span style=\"font-family: Arial,sans-serif;\"><span style=\"font-size: small;\"><span style=\"font-weight: normal;\">18.00 Uhr, M\u00f6rfelden-Walldorf, Martin-J\u00fcrges-Weg <\/span><\/span><\/span><\/li>\n<\/ul>\n","protected":false},"excerpt":{"rendered":"<p>22. Mai 2013, der 30. Todestag 17.00 Uhr Gedenken auf dem Waldfriedhof Oberrad 17.00 Uhr Kaffeehaus Nussknacker 18.30 Uhr Familie-J\u00fcrges Platz, Texte und Musik, vorgetragen von Lutz Lemh\u00f6fer und Marion und Kurt-Helmuth Eimuth 18.00 Uhr, M\u00f6rfelden-Walldorf, Martin-J\u00fcrges-Weg<\/p>\n","protected":false},"author":1,"featured_media":0,"parent":0,"menu_order":0,"comment_status":"open","ping_status":"closed","template":"","meta":[],"_links":{"self":[{"href":"http:\/\/juerges.eimuth.de\/index.php?rest_route=\/wp\/v2\/pages\/859"}],"collection":[{"href":"http:\/\/juerges.eimuth.de\/index.php?rest_route=\/wp\/v2\/pages"}],"about":[{"href":"http:\/\/juerges.eimuth.de\/index.php?rest_route=\/wp\/v2\/types\/page"}],"author":[{"embeddable":true,"href":"http:\/\/juerges.eimuth.de\/index.php?rest_route=\/wp\/v2\/users\/1"}],"replies":[{"embeddable":true,"href":"http:\/\/juerges.eimuth.de\/index.php?rest_route=%2Fwp%2Fv2%2Fcomments&post=859"}],"version-history":[{"count":1,"href":"http:\/\/juerges.eimuth.de\/index.php?rest_route=\/wp\/v2\/pages\/859\/revisions"}],"predecessor-version":[{"id":956,"href":"http:\/\/juerges.eimuth.de\/index.php?rest_route=\/wp\/v2\/pages\/859\/revisions\/956"}],"wp:attachment":[{"href":"http:\/\/juerges.eimuth.de\/index.php?rest_route=%2Fwp%2Fv2%2Fmedia&parent=859"}],"curies":[{"name":"wp","href":"https:\/\/api.w.org\/{rel}","templated":true}]}}

Willkommen auf Familie-Jüregs.de

<p><strong><span style="font-family: Arial,sans-serif;">22. Mai 2013, der 30. Todestag</span></strong></p>
<ul>
<li><strong><span style="font-family: Arial,sans-serif;"><span style="font-size: small;"><span style="font-weight: normal;">17.00 Uhr Gedenken auf dem Waldfriedhof Oberrad</span></span></span></strong></li>
<li><strong><span style="font-family: Arial,sans-serif;"><span style="font-size: small;"><span style="font-weight: normal;">17.00 Uhr Kaffeehaus Nussknacker</span></span></span></strong></li>
<li>
<p style="font-weight: normal;"><span style="font-family: Arial,sans-serif;"><span style="font-size: small;">18.30 Uhr Familie-Jürges Platz, Texte und Musik, vorgetragen von Lutz Lemhöfer und Marion und Kurt-Helmuth Eimuth</span></span></p>
</li>
<li><span style="font-family: Arial,sans-serif;"><span style="font-size: small;"><span style="font-weight: normal;">18.00 Uhr, Mörfelden-Walldorf, Martin-Jürges-Weg </span></span></span></li>
</ul>

<p>22. Mai 2013, der 30. Todestag 17.00 Uhr Gedenken auf dem Waldfriedhof Oberrad 17.00 Uhr Kaffeehaus Nussknacker 18.30 Uhr Familie-Jürges Platz, Texte und Musik, vorgetragen von Lutz Lemhöfer und Marion und Kurt-Helmuth Eimuth 18.00 Uhr, Mörfelden-Walldorf, Martin-Jürges-Weg</p>
